{"id":10,"date":"2012-02-06T14:05:54","date_gmt":"2012-02-06T14:05:54","guid":{"rendered":"http:\/\/www.fonbec.org.ar\/wordpress\/?page_id=10"},"modified":"2025-01-03T08:56:19","modified_gmt":"2025-01-03T11:56:19","slug":"quienes-somos","status":"publish","type":"page","link":"https:\/\/www.fonbec.org.ar\/","title":{"rendered":"Qui\u00e9nes somos"},"content":{"rendered":"\n<p><span style=\"background-color:rgba(0, 0, 0, 0)\" class=\"has-inline-color has-black-color\">&#8220;En 1999 Facundo Garayoa (actual Director Ejecutivo) comenz\u00f3 con Fonbec, buscando padrinos que apoyen econ\u00f3micamente a ni\u00f1os y j\u00f3venes en situaci\u00f3n de vulnerabilidad socio-econ\u00f3mica, con ganas de estudiar. Hoy Fonbec tiene m\u00e1s de 2000 becarios, de 16 ciudades de Argentina y 2 ciudades de Bolivia, que gracias a sus padrinos contin\u00faan con sus estudios.&#8221;<\/span><\/p>\n\n\n","protected":false},"excerpt":{"rendered":"<p>&#8220;En 1999 Facundo Garayoa (actual Director Ejecutivo) comenz\u00f3 con Fonbec, buscando padrinos que apoyen econ\u00f3micamente a ni\u00f1os y j\u00f3venes en situaci\u00f3n de vulnerabilidad socio-econ\u00f3mica, con ganas de estudiar. Hoy Fonbec tiene m\u00e1s de 2000 becarios, de 16 ciudades de Argentina y 2 ciudades de Bolivia, que gracias a sus padrinos contin\u00faan con sus estudios.&#8221;<\/p>\n","protected":false},"author":3,"featured_media":206,"parent":0,"menu_order":0,"comment_status":"closed","ping_status":"closed","template":"","meta":{"footnotes":""},"class_list":["post-10","page","type-page","status-publish","has-post-thumbnail","hentry"],"_links":{"self":[{"href":"https:\/\/www.fonbec.org.ar\/index.php?rest_route=\/wp\/v2\/pages\/10","targetHints":{"allow":["GET"]}}],"collection":[{"href":"https:\/\/www.fonbec.org.ar\/index.php?rest_route=\/wp\/v2\/pages"}],"about":[{"href":"https:\/\/www.fonbec.org.ar\/index.php?rest_route=\/wp\/v2\/types\/page"}],"author":[{"embeddable":true,"href":"https:\/\/www.fonbec.org.ar\/index.php?rest_route=\/wp\/v2\/users\/3"}],"replies":[{"embeddable":true,"href":"https:\/\/www.fonbec.org.ar\/index.php?rest_route=%2Fwp%2Fv2%2Fcomments&post=10"}],"version-history":[{"count":9,"href":"https:\/\/www.fonbec.org.ar\/index.php?rest_route=\/wp\/v2\/pages\/10\/revisions"}],"predecessor-version":[{"id":2980,"href":"https:\/\/www.fonbec.org.ar\/index.php?rest_route=\/wp\/v2\/pages\/10\/revisions\/2980"}],"wp:featuredmedia":[{"embeddable":true,"href":"https:\/\/www.fonbec.org.ar\/index.php?rest_route=\/"}],"wp:attachment":[{"href":"https:\/\/www.fonbec.org.ar\/index.php?rest_route=%2Fwp%2Fv2%2Fmedia&parent=10"}],"curies":[{"name":"wp","href":"https:\/\/api.w.org\/{rel}","templated":true}]}}